{"id":271,"date":"2021-12-13T17:04:29","date_gmt":"2021-12-13T16:04:29","guid":{"rendered":"https:\/\/wp.h-r-s.biz\/?page_id=271"},"modified":"2021-12-13T17:04:30","modified_gmt":"2021-12-13T16:04:30","slug":"published-research","status":"publish","type":"page","link":"https:\/\/wp.h-r-s.biz\/?page_id=271","title":{"rendered":"Published Research"},"content":{"rendered":"\n<p>The scientific professionals at HRS are documenting the latest progress in nutrient and lifestyle medicine Our renowned scientists and clinicians are actively published in recognized journals. A lot of articles from our expert group have been published in peer-reviewed journals. Look at the examples below to see how we take positions on the important role of nutrient and lifestyle medicine in improving health and aging.<\/p>\n\n\n\n<figure class=\"wp-block-table\"><table><tbody><tr><td><\/td><td>&nbsp;<\/td><td>&nbsp;<\/td><\/tr><tr><td>&nbsp;<\/td><td>&nbsp;<\/td><td><strong>Kolodziejczyk-Czepas, J., Liudvytska, O.<\/strong> <em>Rheum rhaponticum<\/em> and <em>Rheum rhabarbarum<\/em>: a review of phytochemistry, biological activities and therapeutic potential. <em>Phytochem Rev<\/em> (2020).<br><a href=\"https:\/\/doi.org\/10.1007\/s11101-020-09715-3\">https:\/\/doi.org\/10.1007\/s11101-020-09715-3<\/a><\/td><\/tr><tr><td>&nbsp;<\/td><td>&nbsp;<\/td><td>&nbsp;<\/td><\/tr><tr><td>&nbsp;<\/td><td>&nbsp;<\/td><td>MW, VK,&#8230;<br>Rheum rhaponticum root extract improves vasomotor menopausal symptoms and estrogen-regulated targets in ovariectomized rat model, submitted 2020<\/td><\/tr><tr><td>&nbsp;<\/td><td>&nbsp;<\/td><td>&nbsp;<\/td><\/tr><tr><td>&nbsp;<\/td><td>&nbsp;<\/td><td><strong>Thiemann E<\/strong>, Heger PW, Chang JL, Salunkhe K.<br>The special extract ERr 731 is save in acute and long-term treatment of climacteric complaints in perimenopausal women,<br>A0 Poster on July 27, 2017 at the International Conference on Science and Society: Biopiracy and Phytomedicine (ICSS 2017) Johannes Gutenberg University Mainz, Germany, July 24-28,2017<\/td><\/tr><tr><td>&nbsp;<\/td><td>&nbsp;<\/td><td>&nbsp;<\/td><\/tr><tr><td>&nbsp;<\/td><td>&nbsp;<\/td><td><strong>Thiemann E<\/strong>, Heger PW, Chang JL, Salunkhe K.<br>The special extract ERr 731 is save in acute and long-term treatment of climacteric complaints in perimenopausal women,<br>Poster Abstract in Specific diseases and ailments, page 49, on July 27, 2017 at the International Conference on Science and Society: Biopiracy and Phytomedicine (ICSS 2017) Johannes Gutenberg University Mainz, Germany, July 24-28,2017<\/td><\/tr><tr><td>&nbsp;<\/td><td>&nbsp;<\/td><td>&nbsp;<\/td><\/tr><tr><td>&nbsp;<\/td><td>&nbsp;<\/td><td><strong>Heger PW<\/strong>, Chang JL, Thiemann E, Salunkhe K.<br>The special extract ERr 731 alleviated anxietx and depression and improved quality of life in symptomatic perimenopausal women,<br>Abstract in Session 8: Neurological Disorders, page 37, on July 26, 2017 at the International Conference on Science and Society: Biopiracy and Phytomedicine (ICSS 2017) Hilton Hotel Mainz, Germany, July 24-28,2017<\/td><\/tr><tr><td>&nbsp;<\/td><td>&nbsp;<\/td><td>&nbsp;<\/td><\/tr><tr><td>&nbsp;<\/td><td>&nbsp;<\/td><td><strong>Franco OH, Chowdhury R, Troup J et al.<\/strong><br>Use of Plant-Based Therapies and Menopausal Symptoms, A Systematic Review and Meta-analysis, JAMA, 2016;315(23):2554-2563<\/td><\/tr><tr><td>&nbsp;<\/td><td>&nbsp;<\/td><td>&nbsp;<\/td><\/tr><tr><td>&nbsp;<\/td><td>&nbsp;<\/td><td><strong>Chang L, Montalto M, Heger PW, Thiemann E, Rettenberger R, Wacker J<br><\/strong>Rheum rhaponticum extract (ERr 731\u00ae) post-marketing data on safety surveillance and consumer complaints, Integrative Medicine, Vol 15, No. 3, June 2016, 34-39 PMCID: <a href=\"https:\/\/www.ncbi.nlm.nih.gov\/pmc\/articles\/PMC4982646\/\">PMC4982646&nbsp;<\/a><\/td><\/tr><tr><td>&nbsp;<\/td><td>&nbsp;<\/td><td>&nbsp;<\/td><\/tr><tr><td>&nbsp;<\/td><td>&nbsp;<\/td><td><strong>Gr\u00fcndemann C. et al.&nbsp;<\/strong><br>Influence of Rheum rhaponticum, Cimicifuga racemosa and Trifolium pratense extracts on breast cancer cell proliferation, Zeitschrift fur Phytotherapie 2015; 36: 157-163<\/td><\/tr><tr><td>&nbsp;<\/td><td>&nbsp;<\/td><td>&nbsp;<\/td><\/tr><tr><td>&nbsp;<\/td><td>&nbsp;<\/td><td><strong>Taylor M<\/strong><br>Complementary and Alternative Approaches to Menopause, Endocrinology &amp; Metabolism Clinics of North America Volume 44, issue 3, 2015, pp. 619-648<\/td><\/tr><tr><td>&nbsp;<\/td><td>&nbsp;<\/td><td>&nbsp;<\/td><\/tr><tr><td>&nbsp;<\/td><td>&nbsp;<\/td><td><strong>Guico-Pabia C<br><\/strong>ERr 731, an ER\u03b2 agonist, is efficacious in reducing menopausal symptoms: a real-world observational study, Poster submitted 2015 to National Conference of Nurse Practitioners in the US<\/td><\/tr><tr><td>&nbsp;<\/td><td>&nbsp;<\/td><td><strong><\/strong><\/td><\/tr><tr><td>&nbsp;<\/td><td>&nbsp;<\/td><td><strong>Ismail R et al.<\/strong><br>Effects of herbal preparations on symptoms clusters during the menopause transition, Climacteric, Volume 18, Issue 1, 2015<\/td><\/tr><tr><td>&nbsp;<\/td><td>&nbsp;<\/td><td>&nbsp;<\/td><\/tr><tr><td>&nbsp;<\/td><td>&nbsp;<\/td><td><strong>Konda V et al.<\/strong><br>Efficacy of Rheum rhaponticum extract ERr 731\u00ae in alleviating vasomotor menopausal symptoms in an ovariectomized rat model, presented at the North American Menopause Society (NAMS) meeting on Oct 16th, 2014<\/td><\/tr><tr><td>&nbsp;<\/td><td>&nbsp;<\/td><td>&nbsp;<\/td><\/tr><tr><td>&nbsp;<\/td><td>&nbsp;<\/td><td><strong>Raudsepp P<\/strong><br>The antioxidative and antimicrobial properties of the blue honeysuckle (Lonicera caerulea L.), Siberian rhubarb (Rheum rhaponticum L.) and some other plants, compared to ascorbic acid and sodium nitrite, Food Control 31 (2013) 129-135<\/td><\/tr><tr><td>&nbsp;<\/td><td>&nbsp;<\/td><td>&nbsp;<\/td><\/tr><tr><td>&nbsp;<\/td><td>&nbsp;<\/td><td><strong>Roberts H, Lethaby A<\/strong>,<br>Phytoestrogens for menopausal vasomotor symptoms: A Cochrane review summary, Maturitas 2014 Jun;78(2):79-81<\/td><\/tr><tr><td>&nbsp;<\/td><td>&nbsp;<\/td><td>&nbsp;<\/td><\/tr><tr><td>&nbsp;<\/td><td>&nbsp;<\/td><td><strong>Lethaby A et al.<\/strong><br>Phytoestrogens for menopausal vasomotor symptoms. Cochrane Database Sys Rev 2013;(12), Art. No.: CD001395<\/td><\/tr><tr><td>&nbsp;<\/td><td>&nbsp;<\/td><td>&nbsp;<\/td><\/tr><tr><td>&nbsp;<\/td><td>&nbsp;<\/td><td><strong>Vollmer et al.<\/strong><br>Extract ERr731\u00ae does not mimic estrogen stimulated growth of MNU-induced breast cancer in ovariectomized Sprague-Dawley rats, Cancer Res 2013;73(24 Suppl): Abstract nr P5-05-09<br>DOI <a class=\"\" href=\"https:\/\/doi.org\/10.1158\/0008-5472.SABCS13-P5-05-09\">https:\/\/doi.org\/10.1158\/0008-5472.SABCS13-P5-05-09<\/a><\/td><\/tr><tr><td>&nbsp;<\/td><td>&nbsp;<\/td><td>&nbsp;<\/td><\/tr><tr><td>&nbsp;<\/td><td>&nbsp;<\/td><td><strong>Struck Dorothee<br><\/strong>Rhapontik-Rhabarber bei zyklischen Kopfschmerzen, Eine Kasuistik<br>Zeitschrift f\u00fcr Phytotherapie 2013; 34: 74-75<\/td><\/tr><tr><td>&nbsp;<\/td><td>&nbsp;<\/td><td>&nbsp;<\/td><\/tr><tr><td>&nbsp;<\/td><td>&nbsp;<\/td><td><strong>Heger PW.<\/strong>&nbsp;<br>Rhapontikrhabarberwurzel-Extrakt ERr 731\u00ae bei Wechseljahresbeschwerden Zeitschrift fur Phytotherapie 2010; 31: 299-305<\/td><\/tr><tr><td>&nbsp;<\/td><td>&nbsp;<\/td><td>&nbsp;<\/td><\/tr><tr><td>&nbsp;<\/td><td>&nbsp;<\/td><td><strong>Kneis KC, Gandjour A.<\/strong><br>Economic evaluation of Sinfrontal in the treatment of acute maxillary sinusitis in adults. Appl Health Econ Health Policy. 2009;7(3):181-91<\/td><\/tr><tr><td>&nbsp;<\/td><td>&nbsp;<\/td><td>&nbsp;<\/td><\/tr><tr><td>&nbsp;<\/td><td>&nbsp;<\/td><td><strong>Zabolotnyi DI, Kneis KC, Richardson A, Rettenberger R, Heger M, Kaszkin-Bettag M, Heger PW.<\/strong><br>Efficacy of a complex homeopathic medication (Sinfrontal) in patients with acute maxillary sinusitis: a prospective, randomized, double-blind, placebo-controlled, multicenter clinical trial. Explore (NY). 2007 Mar-Apr;3(2):98-109<\/td><\/tr><tr><td>&nbsp;<\/td><td>&nbsp;<\/td><td>&nbsp;<\/td><\/tr><tr><td>&nbsp;<\/td><td>&nbsp;<\/td><td><strong>Keiler AM, Papke A, Kretzschmar G, Zierau O, Vollmer G.,<\/strong>&nbsp;<br>Long-term effects of the rhapontic rhubarb extract ERr 731(\u00ae) on estrogen-regulated targets in the uterus and on the bone in ovariectomized rats., J Steroid Biochem Mol Biol. 2011 Sep 21<\/td><\/tr><tr><td>&nbsp;<\/td><td>&nbsp;<\/td><td>&nbsp;<\/td><\/tr><tr><td>&nbsp;<\/td><td>&nbsp;<\/td><td><strong>Vollmer G, Papke A, Zierau O.<\/strong>&nbsp;<br>Treatment of menopausal symptoms by an extract from the roots of rhapontic rhubarb: the role of estrogen receptors. Chin Med 2010; 5: 7<\/td><\/tr><tr><td>&nbsp;<\/td><td>&nbsp;<\/td><td>&nbsp;<\/td><\/tr><tr><td>&nbsp;<\/td><td>&nbsp;<\/td><td><strong>Obi N, Chang-Claude J, Berger J et al.<\/strong>&nbsp;<br>The use of herbal preparations to alleviate climacteric disorders and risk of postmenopausal breast cancer in a German case-control study. Cancer Epidemiol Biomarkers Prev 2009; 18: 2207\u20132213&nbsp;<\/td><\/tr><tr><td>&nbsp;<\/td><td>&nbsp;<\/td><td>&nbsp;<\/td><\/tr><tr><td>&nbsp;<\/td><td>&nbsp;<\/td><td><strong>Papke A, Kretzschmar G, Zierau O et al.<\/strong>&nbsp;<br>Effects of the special extract ERr 731\u00ae from Rheum rhaponticum on estrogen-regulated targets in the uterotrophy model of ovariectomized rats. J Steroid Biochem Mol Biol 2009; 117: 176\u2013184<\/td><\/tr><tr><td>&nbsp;<\/td><td>&nbsp;<\/td><td>&nbsp;<\/td><\/tr><tr><td>&nbsp;<\/td><td>&nbsp;<\/td><td><strong>Marietta Kaszkin-Bettag, G\u00fcnter Vollmer, Reinhard Rettenberger, Peter W. Heger<\/strong><br>Rhapontikrhabarberwurzel zur Behandlung von menopausalen Beschwerden &#8211; Spezialextrakt ERr 731 schlie\u00dft L\u00fccke zwischen Hormonersatztherapie und bisher verwendeten pflanzlichen Pr\u00e4paraten&nbsp;<br><em>Erfahrungsheilkunde, M\u00e4rz 2009, Jahrgang 58, Heft 02, 70-77<\/em><\/td><\/tr><tr><td>&nbsp;<\/td><td>&nbsp;<\/td><td>&nbsp;<\/td><\/tr><tr><td>&nbsp;<\/td><td>&nbsp;<\/td><td><strong>Kaszkin-Bettag, Hasper, Rettenberger<\/strong><br>Rhapontikrhabarber-Wurzel: Der Spezialextrakt ERr 731\u00ae ist ein hochwirksames pflanzliches Arzneimittel zur Behandlung bei klimakterischen Beschwerden&nbsp;<br><em>Gyne Sonderdruck, Februar 2009, S. 1-8<\/em><\/td><\/tr><tr><td>&nbsp;<\/td><td>&nbsp;<\/td><td>&nbsp;<\/td><\/tr><tr><td>&nbsp;<\/td><td>&nbsp;<\/td><td><strong>Kaszkin-Bettag, Hasper, Rettenberger<\/strong><br>Rhapontikrhabarber-Wurzel: Der Spezialextrakt ERr 731\u00ae punktet im Klimakterium&nbsp;<br><em>Gyne, Februar 2009, S. 16-20<\/em><\/td><\/tr><tr><td>&nbsp;<\/td><td>&nbsp;<\/td><td>&nbsp;<\/td><\/tr><tr><td>&nbsp;<\/td><td>&nbsp;<\/td><td><strong>Kaszkin-Bettag M, Ventskovskiy BM, Solskyy S, Beck S, Hasper I, Kravchenko A, Rettenberger R, Richardson A, Heger PW.<\/strong><br>Confirmation of the efficacy of ERr 731\u00ae in perimenopausal women&nbsp;<br>with climacteric symptoms.&nbsp;<br><em>Alternative Therapies in Health and Medicine; Jan\/Feb 2009, Vol. 15, No. 1:24-34<\/em><\/td><\/tr><tr><td>&nbsp;<\/td><td>&nbsp;<\/td><td>&nbsp;<\/td><\/tr><tr><td>&nbsp;<\/td><td>&nbsp;<\/td><td><strong>Kaszkin-Bettag M, Hasper I, Heger PW.<\/strong><br>Der Spezialextrakt ERr 731\u00ae aus der Rhapontikrhabarberwurzel bei menopausalen Beschwerden: Langzeitstudie best\u00e4tigt Wirksamkeit.&nbsp;<br><em>Schweizer Zeitschrift f\u00fcr Phytotherapie 2008(5);8:9-12<\/em><\/td><\/tr><tr><td>&nbsp;<\/td><td>&nbsp;<\/td><td>&nbsp;<\/td><\/tr><tr><td>&nbsp;<\/td><td>&nbsp;<\/td><td><strong>Kaszkin-Bettag M, Beck S, Richardson A, Heger PW, Beer A-M.<\/strong><br>Efficacy of the special extract ERr 731\u00ae from rhapontic rhubarb for menopausal complaints:&nbsp;<br>A 6-month open observational study.&nbsp;<br><em>Alternative Therapies in Health and Medicine; Nov\/Dec 2008, Vol. 14, No. 6:32-38<\/em><\/td><\/tr><tr><td>&nbsp;<\/td><td>&nbsp;<\/td><td>&nbsp;<\/td><\/tr><tr><td>&nbsp;<\/td><td>&nbsp;<\/td><td><strong>Hasper I, Ventskovskiy BM, Rettenberger R, Heger PW, Riley DS, Kaszkin-Bettag M.<\/strong><br>Long-term efficacy and safety of the special extract ERr 731\u00ae of&nbsp;<em>Rheum rhaponticum<\/em>&nbsp;in perimenopausal women with climacteric complaints.&nbsp;<br><em>Menopause. 16(1):117-131, January 2009<\/em><\/td><\/tr><tr><td>&nbsp;<\/td><td>&nbsp;<\/td><td>&nbsp;<\/td><\/tr><tr><td>&nbsp;<\/td><td>&nbsp;<\/td><td><strong>Kaszkin-Bettag M, Richardson A, Rettenberger R, Heger PW.<\/strong><br>Long-term toxicity studies in dogs support the safety of the special extract ERr 731\u00ae from the roots of&nbsp;<em>Rheum rhaponticum.<\/em>&nbsp;<br><em>Food Chem Toxicol 2008;46:1608-1618<\/em><\/td><\/tr><tr><td>&nbsp;<\/td><td>&nbsp;<\/td><td>&nbsp;<\/td><\/tr><tr><td>&nbsp;<\/td><td>&nbsp;<\/td><td><strong>Beer A-M, Kneis KC, Rettenberger R, Heger PW, Kaszkin-Bettag M.<\/strong><br>Wirksamkeit von Phytoestrol\u00ae N (Extrakt Rheum rhaponticum ERr 731\u00ae) bei klimakterischen Beschwerden: Ergebnisse einer sechs-monatigen, prospektiven Anwendungsbeobachtung mit Phytoestrol\u00ae N.<br><em>J. Menopause 2007;3:8-15<\/em><\/td><\/tr><tr><td>&nbsp;<\/td><td>&nbsp;<\/td><td>&nbsp;<\/td><\/tr><tr><td>&nbsp;<\/td><td>&nbsp;<\/td><td><strong>M\u00f6ller F, Zierau O, Jandausch A, Rettenberger R, Kaszkin-Bettag M, Vollmer G.<\/strong><br>Subtype-specific activation of estrogen receptors by a special extract of<em>&nbsp;Rheum rhaponticum<\/em>&nbsp;(ERr 731\u00ae), its aglycones and structurally related compounds in U2OS human osteosarcoma cells.<br><em>Phytomedicine 2007;14(11):716-726<\/em><\/td><\/tr><tr><td>&nbsp;<\/td><td>&nbsp;<\/td><td>&nbsp;<\/td><\/tr><tr><td>&nbsp;<\/td><td>&nbsp;<\/td><td><strong>Wober J, M\u00f6ller F, Richter T, Unger C, Weigt C, Jandausch A, Zierau O, Rettenberger R, Kaszkin-Bettag M, Vollmer G.<\/strong><br>Activation of estrogen receptor-beta by a special extract of Rheum rhaponticum (ERr 731\u00ae), its aglycones and structurally related compounds.<br><em>J Steroid Biochem Mol Biol. 2007;107:191-201<\/em><\/td><\/tr><tr><td>&nbsp;<\/td><td>&nbsp;<\/td><td>&nbsp;<\/td><\/tr><tr><td>&nbsp;<\/td><td>&nbsp;<\/td><td>Letter to the Editor.<br><strong>Kaszkin-Bettag M.<\/strong><br><em>Menopause 2007 Jul-Aug;14:810.<\/em><\/td><\/tr><tr><td>&nbsp;<\/td><td>&nbsp;<\/td><td>&nbsp;<\/td><\/tr><tr><td>&nbsp;<\/td><td>&nbsp;<\/td><td>Letter to the Editor.<br><strong>D\u00f6ren M.<\/strong><br>The special extract ERr 731\u00ae of the roots of Rheum rhaponticum decreases anxiety and improves health state and general well-being in perimenopausal women.<br><em>Menopause 2007 Jul-Aug;14:810.<\/em><\/td><\/tr><tr><td>&nbsp;<\/td><td>&nbsp;<\/td><td>&nbsp;<\/td><\/tr><tr><td>&nbsp;<\/td><td>&nbsp;<\/td><td><strong>Kaszkin-Bettag M, Rettenberger R, Heger PW.<\/strong>&nbsp;Der Spezialextrakt ERr 731\u00ae aus der Wurzel des Rhapontikrhabarbers (Rheum rhaponticum): Wirksamkeit bei Kopfschmerz\/Migr\u00e4ne und weiteren klimakterischen Beschwerden bei Frauen in der Perimenopause.&nbsp;<br><em>Schweizer Zeitschrift f\u00fcr Phytotherapie 2007; 2:24-30.<\/em><\/td><\/tr><tr><td>&nbsp;<\/td><td>&nbsp;<\/td><td>&nbsp;<\/td><\/tr><tr><td>&nbsp;<\/td><td>&nbsp;<\/td><td>Letter to the Editor: Reply.<br><strong>Kaszkin-Bettag M.<\/strong><br><em>Menopause 2007;14:336-337.<\/em><\/td><\/tr><tr><td>&nbsp;<\/td><td>&nbsp;<\/td><td>&nbsp;<\/td><\/tr><tr><td>&nbsp;<\/td><td>&nbsp;<\/td><td>Letter to the Editor:<br><strong>Prior JC, Seifert-Klauss, V, Kalyan S, Pride S.<\/strong><br><em>Menopause 2007;14:335-336.<\/em><\/td><\/tr><tr><td>&nbsp;<\/td><td>&nbsp;<\/td><td>&nbsp;<\/td><\/tr><tr><td>&nbsp;<\/td><td>&nbsp;<\/td><td><strong>Kaszkin-Bettag M, Ventskovskiy BM, Kravchenko A, Rettenberger R, Richardson A, Heger PW, Heger M.<\/strong>&nbsp;The special extract ERr 731\u00ae of the roots of Rheum rhaponticum decreases anxiety and improves health state and general well-being in perimenopausal women.&nbsp;<br><em>Menopause 2007;14:270-283.<\/em><\/td><\/tr><tr><td>&nbsp;<\/td><td>&nbsp;<\/td><td>&nbsp;<\/td><\/tr><tr><td>&nbsp;<\/td><td>&nbsp;<\/td><td><strong>Heger M, Ventskovskiy BM, Borzenko I, Kneis KC, Rettenberger R, Kaszkin-Bettag M, Heger PW.<\/strong>&nbsp;Efficacy and safety of a special extract of Rheum rhaponticum (ERr 731\u00ae) in perimenopausal women with climacteric complaints: A 12-week randomized, double-blind, placebo-controlled trial.&nbsp;<br><em>Menopause 2006;13(5): 744-759.<\/em><\/td><\/tr><tr><td>&nbsp;<\/td><td>&nbsp;<\/td><td>&nbsp;<\/td><\/tr><tr><td>&nbsp;<\/td><td>&nbsp;<\/td><td><strong>Vollmer G, Moeller F, Unger C, Wober J, Zierau O, Kaszkin-Bettag M.<\/strong>&nbsp;Activation of estrogen receptor-\u03b2 by a special extract of Rheum rhaponticum (ERr 731\u00ae), its aglycones and structurally related compounds.<br><em>Proceedings of the 88th Annual Meeting of the Endocrine Society 2006, Boston, p. 282, P1-481<\/em><\/td><\/tr><tr><td>&nbsp;<\/td><td>&nbsp;<\/td><td>&nbsp;<\/td><\/tr><tr><td>&nbsp;<\/td><td>&nbsp;<\/td><td><strong>M\u00f6ller F, Richter T, Unger C, Weigt C, Wober J, Zierau O, Rettenberger R, Kaszkin-Bettag M, Vollmer G.<\/strong>&nbsp;Activation of estrogen receptor-\u00df by a special extract of Rheum rhaponticum (ERr 731\u00ae), its aglycones and structurally related compounds.<br><em>Abstract zum Kongress der Deutschen Gesellschaft f\u00fcr Endokrinologie, 1.3. &#8211; 4.3.2006, Essen<\/em><\/td><\/tr><tr><td>&nbsp;<\/td><td>&nbsp;<\/td><td>&nbsp;<\/td><\/tr><tr><td>&nbsp;<\/td><td>&nbsp;<\/td><td>Trends &amp; Fakten: Phytoestrol\u00ae N &#8211; effektive und sichere Therapie bei klimakterischen Beschwerden.<br><em>Erfahrungsheilkunde 2005;6:431<\/em><\/td><\/tr><tr><td>&nbsp;<\/td><td>&nbsp;<\/td><td>&nbsp;<\/td><\/tr><tr><td>&nbsp;<\/td><td>&nbsp;<\/td><td>Aus der Industrie: Phytoestrol\u00ae N wirkt effektiv bei klimakterischen Beschwerden.&nbsp;<br><em>Frauenarzt 2005;46(6):522<\/em><\/td><\/tr><tr><td>&nbsp;<\/td><td>&nbsp;<\/td><td>&nbsp;<\/td><\/tr><tr><td>&nbsp;<\/td><td>&nbsp;<\/td><td>Therapiereport: Phytoestrol\u00ae N &#8211; effektive und sichere Therapie bei klimakterischen Beschwerden.&nbsp;<br><em>\u00c4rztezeitschrift f\u00fcr Naturheilverfahren 2005; 46(7):453.<\/em><\/td><\/tr><tr><td>&nbsp;<\/td><td>&nbsp;<\/td><td>&nbsp;<\/td><\/tr><tr><td>&nbsp;<\/td><td>&nbsp;<\/td><td>Phytos d\u00e4mpfen klimakterische Beschwerden.<br><em>\u00c4rztliche Praxis: Gyn\u00e4kologie 2005; 4:31<\/em><\/td><\/tr><tr><td>&nbsp;<\/td><td>&nbsp;<\/td><td>&nbsp;<\/td><\/tr><tr><td>&nbsp;<\/td><td>&nbsp;<\/td><td>PharmaNEWS: Pflanzliche Alternative gegen Hitzewallungen.<br><em>\u00c4rztliche Praxis 2005;26:9<\/em><\/td><\/tr><tr><td>&nbsp;<\/td><td>&nbsp;<\/td><td>&nbsp;<\/td><\/tr><tr><td>&nbsp;<\/td><td>&nbsp;<\/td><td>Industrie und Forschung &#8211; News: Pflanzliche Hilfe bei Klimakteriumsbeschwerden.<br><em>Der Hausarzt 2005;13:58<\/em><\/td><\/tr><tr><td>&nbsp;<\/td><td>&nbsp;<\/td><td>&nbsp;<\/td><\/tr><tr><td>&nbsp;<\/td><td>&nbsp;<\/td><td>Klimakterische Beschwerden.<br><em>gyn &#8211; Praktische Gyn\u00e4kologie 2005;4:264<\/em><\/td><\/tr><tr><td>&nbsp;<\/td><td>&nbsp;<\/td><td>&nbsp;<\/td><\/tr><tr><td>&nbsp;<\/td><td>&nbsp;<\/td><td>Meldungen: Rhapontikrhabarberextrakt: Effektive und sichere Therapie bei klimakterischen Beschwerden.&nbsp;<br><em>Gyne Oktober 2005:168.<\/em><\/td><\/tr><tr><td>&nbsp;<\/td><td>&nbsp;<\/td><td>&nbsp;<\/td><\/tr><tr><td>&nbsp;<\/td><td>&nbsp;<\/td><td>Bachert C, Chuchalin AG, Eisebitt R, Netayzhenko VZ, Voelker M.<br>Aspirin compared with acetaminophen in the treatment of fever and other symptoms of upper respiratory tract infection in adults: a multicenter, randomized, double-blind, double-dummy, placebo-controlled, parallel-group, single-dose, 6-hour dose-ranging study.&nbsp;Clin Ther.&nbsp;2005 Jul;27(7):993-1003.<\/td><\/tr><tr><td>&nbsp;<\/td><td>&nbsp;<\/td><td>&nbsp;<\/td><\/tr><tr><td>&nbsp;<\/td><td>&nbsp;<\/td><td>Klein-Bischoff U, Kaszkin-Bettag M, Heger PW, S\u00f6keland J<br>Wirksamkeit des Brennesselwurzel-Extraktes PU 240 bei BPH; Ergebnisse einer 24-w\u00f6chigen, offenen, multizentrischen, prospektiven Phase-IV-Studie<br>Therpie Report aktuell Nr.160; Uro-News Nr. 1-2\/2007<\/td><\/tr><\/tbody><\/table><\/figure>\n","protected":false},"excerpt":{"rendered":"<p>The scientific professionals at HRS are documenting the latest progress in nutrient and lifestyle medicine Our renowned scientists and clinicians<\/p>\n","protected":false},"author":1,"featured_media":0,"parent":0,"menu_order":0,"comment_status":"closed","ping_status":"closed","template":"","meta":{"footnotes":""},"class_list":["post-271","page","type-page","status-publish","hentry"],"_links":{"self":[{"href":"https:\/\/wp.h-r-s.biz\/index.php?rest_route=\/wp\/v2\/pages\/271","targetHints":{"allow":["GET"]}}],"collection":[{"href":"https:\/\/wp.h-r-s.biz\/index.php?rest_route=\/wp\/v2\/pages"}],"about":[{"href":"https:\/\/wp.h-r-s.biz\/index.php?rest_route=\/wp\/v2\/types\/page"}],"author":[{"embeddable":true,"href":"https:\/\/wp.h-r-s.biz\/index.php?rest_route=\/wp\/v2\/users\/1"}],"replies":[{"embeddable":true,"href":"https:\/\/wp.h-r-s.biz\/index.php?rest_route=%2Fwp%2Fv2%2Fcomments&post=271"}],"version-history":[{"count":1,"href":"https:\/\/wp.h-r-s.biz\/index.php?rest_route=\/wp\/v2\/pages\/271\/revisions"}],"predecessor-version":[{"id":272,"href":"https:\/\/wp.h-r-s.biz\/index.php?rest_route=\/wp\/v2\/pages\/271\/revisions\/272"}],"wp:attachment":[{"href":"https:\/\/wp.h-r-s.biz\/index.php?rest_route=%2Fwp%2Fv2%2Fmedia&parent=271"}],"curies":[{"name":"wp","href":"https:\/\/api.w.org\/{rel}","templated":true}]}}